12557263
In base 13, what is -12c - -4c192c?
4c1800
In base 11, what is 3 + 66a7432?
66a7435
In base 8, what is -27637 + -11607?
-41446
In base 7, what is 350245 - 34?
350211
In base 10, what is 230753528 - 1?
230753527
In base 11, what is 60 + 19a17?
19a77
In base 6, what is 113152102421 - 4?
113152102413
In base 12, what is 336a - -1489?
4837
In base 9, what is 1 - -3274682?
3274683
In base 7, what is 3415 - -161563?
165311
In base 11, what is -7669 + 241?
-7428
In base 5, what is 3230004113 - 3?
3230004110
In base 12, what is 56746a681 + 2?
56746a683
In base 5, what is 21044 - -20200?
41244
In base 3, what is -1221 - -100000202001?
100000200010
In base 3, what is -10 - -22001010120022?
22001010120012
In base 12, what is -91311 + -1a?
-9132b
In base 10, what is -2459990 - 5?
-2459995
In base 11, what is -2 + -1392519?
-1392520
In base 4, what is 2 + -111012230203?
-111012230201
In base 11, what is 5 - -15177a7?
1517801
In base 7, what is -452 - -306156?
305404
In base 13, what is 65027 - 56?
64ca1
In base 10, what is -3 + 2577239?
2577236
In base 11, what is -3 - 141367a?
-1413682
In base 6, what is -23 - 2535102334?
-2535102401
In base 16, what is -18d472f + 2b?
-18d4704
In base 16, what is -ea04e - -6d?
-e9fe1
In base 6, what is 12015 + -214321?
-202302
In base 6, what is 104501510415 + -1?
104501510414
In base 16, what is 127 - -d305?
d42c
In base 4, what is 13131213232 - -13?
13131213311
In base 2, what is 1011001011000101 + 101000110?
1011010000001011
In base 11, what is 77718987 - 4?
77718983
In base 11, what is 1205 - -55395?
5659a
In base 9, what is 162760 - 174?
162575
In base 5, what is -103 - 11331303123?
-11331303231
In base 15, what is eda - 9b?
e3e
In base 6, what is 41 - -1550200241?
1550200322
In base 8, what is -62134336 - 3?
-62134341
In base 9, what is 5460867 - 27?
5460840
In base 9, what is 15 - 54666?
-54651
In base 3, what is -11 - 120001120220020?
-120001120220101
In base 10, what is -80931 - 386?
-81317
In base 9, what is 4 - -158604135?
158604140
In base 15, what is -10 - 9653d3?
-9653e3
In base 6, what is -1425 + 3144355?
3142530
In base 5, what is 10334340433 + -430?
10334340003
In base 4, what is -1203213132302 - -3?
-1203213132233
In base 3, what is -1121020211002202 - -21?
-1121020211002111
In base 6, what is 21 - 124242122?
-124242101
In base 2, what is -1001010000011 + -111000110?
-1010001001001
In base 6, what is -3405 - 104101?
-111510
In base 15, what is -30bd3 - 95?
-30c78
In base 11, what is 14284393 - 5?
14284389
In base 8, what is -4677544 - -1431?
-4676113
In base 14, what is -6c58 - 201?
-7059
In base 16, what is 1d56ae - -4c?
1d56fa
In base 13, what is -7605595 - 2?
-7605597
In base 2, what is -10000101101111110001 - -1001111?
-10000101101110100010
In base 7, what is 2341365 + 30?
2341425
In base 15, what is 274b616 + 1?
274b617
In base 4, what is -1000 + 1000331320?
1000330320
In base 4, what is 2023 - 21313200?
-21311111
In base 8, what is -13734341 + 10?
-13734331
In base 15, what is -7 + 24620?
24618
In base 15, what is -19461d + 4?
-194619
In base 5, what is 0 - -20120142020?
20120142020
In base 4, what is -2222312 + -2302102?
-11131020
In base 3, what is 212011022 - -2121211?
221210010
In base 14, what is 7 + -3505cc?
-3505c5
In base 16, what is -290 + -2323?
-25b3
In base 16, what is -6eb6ee + 5?
-6eb6e9
In base 3, what is -210 - 220222211001?
-220222211211
In base 16, what is 167aa7 + -c?
167a9b
In base 13, what is 53 - -3479b?
34821
In base 12, what is -428 - -6878b?
68363
In base 4, what is 3123102 + -20322?
3102120
In base 16, what is a6e + 1329e?
13d0c
In base 3, what is 111221001 - -212212200?
1101210201
In base 8, what is -536 - 2464731?
-2465467
In base 10, what is -3821118 + 4?
-3821114
In base 4, what is -3023 - -3200003001?
3133333312
In base 13, what is 4 + 5b55154?
5b55158
In base 3, what is 102 + 2002121110202?
2002121111011
In base 8, what is -223171 + -5?
-223176
In base 14, what is 501959 - -1d?
501978
In base 9, what is -1310378 + -383?
-1310772
In base 3, what is 210101112 - -1110222?
211212111
In base 6, what is -401404 - 2531?
-404335
In base 3, what is 120 - -102200021222?
102200022112
In base 7, what is 62255533 + 124?
62255660
In base 7, what is 450545566 + -5?
450545561
In base 9, what is 3 + -11055703?
-11055700
In base 7, what is 100045113 - -1?
100045114
In base 13, what is 7 - -105969b?
10596a5
In base 7, what is -6231 + -12623?
-22154
In base 6, what is -5 - -300352215?
300352210
In base 14, what is 621513 + 2?
621515
In base 14, what is -5a023 + 47?
-59dba
In base 4, what is -13210131311 - -1?
-13210131310
In base 8, what is 632 - 4226535?
-4225703
In base 14, what is -53c0d + -100?
-53d0d
In base 14, what is 4c - -5474b?
54799
In base 12, what is a4456 + -1228?
a322a
In base 9, what is 1 - 1214317?
-1214316
In base 3, what is 112012011101012 + -2?
112012011101010
In base 5, what is -1044022432 - -11?
-1044022421
In base 11, what is 39 - 1a83727?
-1a83699
In base 11, what is 91 - -191104?
191195
In base 5, what is -2 - 112013440330?
-112013440332
In base 4, what is 322303201313 + 11?
322303201330
In base 12, what is 12a - -a042?
a170
In base 7, what is -2 - -160325666?
160325664
In base 11, what is 179587 + 16?
1795a2
In base 2, what is 1001110 - -10110111011011101100?
10110111011100111010
In base 16, what is -f98898 + 0?
-f98898
In base 6, what is 1530 + 10511343?
10513313
In base 16, what is -285cd78 - 2?
-285cd7a
In base 4, what is 12020331 - -20111320?
32132311
In base 13, what is bb57c863 - -2?
bb57c865
In base 15, what is -ebaaa4 - 0?
-ebaaa4
In base 15, what is 2527d5d + -3?
2527d5a
In base 11, what is -195a600 + -3?
-195a603
In base 9, what is 5 + -2221501?
-2221485
In base 5, what is 4323421 - -2223?
4331144
In base 11, what is -167026 + -27?
-167052
In base 12, what is 156 - -440?
596
In base 7, what is -34146562 - -11?
-34146551
In base 12, what is 373b01 - 2a?
373a93
In base 3, what is 102012002 - 1010222?
101001010
In base 14, what is 28ba1 + c1?
28c82
In base 3, what is -2211 - 2002100120120?
-2002100200101
In base 13, what is -6 - -849b548?
849b542
In base 8, what is -1506605 - -26?
-1506557
In base 3, what is 121220221211 + -122202?
121220022002
In base 3, what is 1202122 + 1220001102?
1221211001
In base 4, what is -12032 + -312212323?
-312231021
In base 13, what is -30b089 - -95?
-30acc4
In base 7, what is 44014 - 33650?
10034
In base 2, what is -10100100111000011001 + 101110?
-10100100110111101011
In base 3, what is 10200211 + -10020121?
110020
In base 10, what is -1 - 40311827?
-40311828
In base 8, what is 62 + 147177?
147261
In base 5, what is -20122413134 + 0?
-20122413134
In base 15, what is 1c92a - -145?
1ca70
In base 10, what is -114552505 - 3?
-114552508
In base 10, what is -114807 + 764?
-114043
In base 12, what is 10924621 + 1?
10924622
In base 16, what is -85b5 - d7c?
-9331
In base 2, what is 110010101110011100000000100 - -10?
110010101110011100000000110
In base 15, what is -29970 + -126?
-29a96
In base 10, what is -1562354 - 4?
-1562358
In base 5, what is -10304003 + 3023?
-10300430
In base 5, what is -24 - -12143334?
12143310
In base 5, what is -1444030 - -104403?
-1334122
In base 3, what is 21202212201221 - -11?
21202212202002
In base 5, what is 13430 - 32003141?
-31434211
In base 3, what is 11 + -122100200212112?
-122100200212101
In base 4, what is 313033310321032 + 1?
313033310321033
In base 10, what is 15752930 + -5?
15752925
In base 12, what is -2a5 + 104090?
1039a7
In base 6, what is -331023104 - -2?
-331023102
In base 3, what is -100 + -11200211100000001?
-11200211100000101
In base 8, what is -13 + -3446541?
-3446554
In base 6, what is 525153251 + 31?
525153322
In base 14, what is -4a + -2b261?
-2b2ab
In base 16, what is -1 + -8f64178?
-8f64179
In base 9, what is 4304404 + -2?
4304402
In base 10, what is 3 + 2514140?
2514143
In base 8, what is -31370665 - -103?
-31370562
In base 14, what is 11 - -728a5?
728b6
In base 16, what is 774a + -1db?
756f
In base 11, what is 97a28 - 464?
97574
In base 10, what is -99641 + -35?
-99676
In base 15, what is -34d + 294c?
25ee
In base 16, what is -18 - 34f04e2?
-34f04fa
In base 3, what is -12212220100210101 + -11?
-12212220100210112
In base 4, what is 21033201001 + -13?
21033200322
In 